112022221021 (base 3) to base 11.
182a23
What is -542441421 (base 6) in base 2?
-100100110011011010110101
What is -411000 (base 11) in base 9?
-1215528
124544303 (base 6) to base 2
1001011011010011101111
What is 17a8a8 (base 14) in base 5?
203222032
Convert 186518 (base 16) to base 6.
54133332
Convert 102210001220001 (base 3) to base 11.
359672a
-7257 (base 11) to base 5
-301441
What is 4404300 (base 5) in base 8?
223467
Convert 73c8d (base 16) to base 2.
1110011110010001101
-101111110011001100 (base 2) to base 10
-195788
What is -c191cd (base 16) in base 15?
-11a8b33
Convert -435811 (base 9) to base 2.
-111111100001010110
What is 424231204 (base 5) in base 9?
3326723
Convert -7fc54 (base 16) to base 9.
-876807
What is 1001111010001111000000 (base 2) in base 10?
2597824
-102433200 (base 5) to base 2
-1101010100111000011
37308 (base 16) to base 8
671410
What is -401042 (base 6) in base 7?
-160250
151645 (base 7) to base 11
20172
Convert -3f0a6 (base 16) to base 14.
-6a15c
-41304552 (base 7) to base 16
-34dad8
602116 (base 11) to base 13
27c148
Convert -15b0863 (base 12) to base 9.
-8346213
What is -248031 (base 10) in base 15?
-4d756
What is -2b3892 (base 13) in base 9?
-2002582
122010101211210 (base 3) to base 6
523024203
Convert -5561205 (base 9) to base 2.
-1011011010101001001000
Convert 8258c1 (base 13) to base 12.
10272a0
What is 665447 (base 15) in base 3?
100011211010211
What is 27106 (base 10) in base 15?
8071
-341022022 (base 5) to base 6
-52103240
Convert -203011022223 (base 4) to base 8.
-43051253
227dd2 (base 14) to base 11
7323a5
-14130055 (base 6) to base 16
-74c33
Convert 66611 (base 11) to base 3.
11220110200
Convert 797d7 (base 16) to base 14.
cd4c7
Convert 213001313002 (base 4) to base 6.
1003142454
104020402 (base 6) to base 9
3457672
Convert 16b736 (base 14) to base 15.
10c034
Convert 530252 (base 7) to base 15.
1c118
What is 931b85 (base 15) in base 7?
113301332
6367 (base 15) to base 14
7938
-1002110021 (base 4) to base 10
-271625
Convert -3449568 (base 10) to base 8.
-15121340
What is -1635150 (base 8) in base 16?
-73a68
c7a72 (base 14) to base 12
1b3104
Convert 2816928 (base 11) to base 13.
100cc5a
What is -65562 (base 8) in base 10?
-27506
Convert 11203343414 (base 5) to base 9.
25562024
What is 121455 (base 10) in base 13?
43389
What is -528039 (base 11) in base 6?
-30041031
Convert -536343 (base 7) to base 11.
-64257
What is -8364a (base 11) in base 10?
-121901
What is -a1a30 (base 14) in base 11?
-246211
What is 52568 (base 11) in base 13?
28ac2
What is -21003414 (base 5) in base 9?
-282380
Convert -5411c (base 14) to base 4.
-301220032
What is -9b6f (base 16) in base 12?
-1b03b
Convert 10110202111 (base 3) to base 8.
205376
5b5b43 (base 12) to base 5
334420111
What is -347364 (base 15) in base 4?
-21203210323
Convert -91a0a9 (base 12) to base 4.
-20230010001
Convert 804698 (base 13) to base 5.
1230332041
-3647604 (base 8) to base 5
-224102041
What is -1333211333 (base 4) in base 13?
-153b5a
1303114302 (base 5) to base 4
30013130022
Convert -3223312 (base 8) to base 9.
-1553264
1237a9 (base 12) to base 4
1020122301
Convert -12201033212 (base 4) to base 3.
-10012211100102
11284190 (base 10) to base 11
6407a85
-dbd2 (base 16) to base 15
-11a19
Convert 93a67 (base 16) to base 7.
5066123
-10202100001 (base 3) to base 6
-1330001
Convert -10100000010101011001 (base 2) to base 10.
-656729
3a253 (base 13) to base 7
630020
What is -12415003 (base 6) in base 8?
-1432313
What is -100100001110101 (base 2) in base 4?
-10201311
-405532 (base 7) to base 9
-114841
What is -111010010101011001010100 (base 2) in base 4?
-322111121110
Convert a6d4a (base 16) to base 9.
1251324
-773230 (base 9) to base 11
-295929
15031412 (base 6) to base 5
113024342
What is -32793 (base 13) in base 4?
-112103310
Convert 120240323 (base 5) to base 2.
10000111101011000001
What is 80121 (base 10) in base 15?
18b16
120131222 (base 4) to base 9
162405
What is 2351205 (base 6) in base 10?
123413
What is 1b33b (base 13) in base 6?
1050405
-36b921 (base 13) to base 12
-5327a8
Convert -33111233 (base 4) to base 15.
-1393b
Convert 4572172 (base 9) to base 14.
483884
Convert 5702b (base 12) to base 13.
40937
-202111120020 (base 3) to base 12
-175650
20020110120 (base 3) to base 11
842a7
What is 182449 (base 10) in base 5?
21314244
What is -678703 (base 9) in base 15?
-80733
What is -314321321 (base 5) in base 7?
-14151060
What is 55321054 (base 6) in base 2?
110010101000011111010
Convert 231405 (base 6) to base 4.
10311131
3431054 (base 10) to base 7
41110034
Convert 516044 (base 7) to base 15.
1b36b
Convert -12022000120 (base 3) to base 9.
-168016
What is -251a31 (base 11) in base 5?
-100213012
Convert 627a7 (base 15) to base 14.
81b04
What is -1122422313 (base 5) in base 10?
-2545333
What is -e207aa (base 16) in base 12?
-4b6448a
What is -22c56 (base 14) in base 10?
-84748
Convert 614a496 (base 12) to base 15.
190c0a0
Convert -8491 (base 10) to base 11.
-641a
Convert -1703465 (base 8) to base 3.
-221001202210
Convert -90112 (base 11) to base 7.
-1056362
155202 (base 9) to base 5
11030123
Convert 16e6f (base 16) to base 9.
152610
-6cc5a (base 14) to base 2
-1000000111010000000
What is -320b90 (base 16) in base 7?
-36606661
What is 14c020 (base 13) in base 8?
1747667
Convert 422521 (base 7) to base 5.
4313401
What is -4ab7b7 (base 15) in base 3?
-20202000102201
What is 115740 (base 10) in base 14?
30272
Convert -18cc15 (base 13) to base 4.
-2121113133
What is -55341 (base 12) in base 13?
-3c460
What is -767063 (base 12) in base 15?
-271876
Convert -302006 (base 7) to base 16.
-c7a9
What is -25e78 (base 16) in base 7?
-1214433
What is -2632423 (base 10) in base 5?
-1133214143
-12353204 (base 6) to base 14
-a7216
What is 34200104 (base 5) in base 3?
120101211221
What is -62715015 (base 8) in base 11?
-7593a83
Convert -11000111001001111 (base 2) to base 10.
-101967
-44279 (base 11) to base 15
-14061
-2523277 (base 8) to base 16
-aa6bf
-63603 (base 13) to base 2
-101011101100011110
-65032114 (base 7) to base 2
-10101000111111010101100
Convert -96611 (base 10) to base 4.
-113211203
What is 23dc6c (base 14) in base 16?
12c0d8
What is -19d91 (base 16) in base 14?
-2a825
Convert 131013121 (base 4) to base 12.
59021
1679152 (base 10) to base 8
6317460
What is -9bbcb2 (base 13) in base 14?
-6bbc68
-94315 (base 10) to base 2
-10111000001101011
230422300 (base 5) to base 4
3323121010
1110111222111 (base 3) to base 14
163673
1100000110001001101100 (base 2) to base 9
5862618
What is 314650 (base 8) in base 14?
2a30c
What is -14906 (base 12) in base 5?
-1411300
51230252 (base 6) to base 15
1de505
-62501410 (base 7) to base 9
-10807827
What is -2304665 (base 9) in base 3?
-2100011202012
What is 33332212 (base 4) in base 12?
31a5a
-1212002212 (base 3) to base 13
-1381a
Convert 325000524 (base 6) to base 15.
7a30d1
32215750 (base 8) to base 9
13858124
What is 1110011111110101010100 (base 2) in base 8?
16376524
What is 11010101011000111110 (base 2) in base 7?
10300145
Convert 1224ae (base 15) to base 6.
30340315
Convert -737287 (base 13) to base 14.
-504254
-156434a (base 12) to base 11
-250a230
What is 717437 (base 9) in base 12?
1861b1
-220666 (base 11) to base 10
-352182
Convert 510011 (base 9) to base 5.
34124231
What is -1705564 (base 9) in base 4?
-3213222130
What is -111112211201111 (base 3) in base 4?
-123132001123
Convert -489536 (base 11) to base 3.
-1110022200000
What is -41045014 (base 7) in base 3?
-20102220200101
78550 (base 11) to base 6
2234455
Convert 34531404 (base 6) to base 11.
670641
What is -3c0dc (base 14) in base 16?
-24392
74873 (base 11) to base 12
52bb7
What is -10000001111010011100110 (base 2) in base 12?
-151365a
-221123 (base 7) to base 14
-10213
Convert -18235a (base 12) to base 8.
-1461566
What is -272614 (base 12) in base 8?
-2357760
What is -304a707 (base 13) in base 9?
-30448804
Convert 6f9bd (base 16) to base 6.
13444233
Convert -23b91b (base 15) to base 8.
-6413351
11662 (base 12) to base 15
6e02
Convert 29a65 (base 11) to base 7.
235013
Convert 13086b4 (base 13) to base 14.
b11b33
What is 11021120211 (base 3) in base 13?
2c479
Convert -7577410 (base 9) to base 13.
-ac5039
What is -166b3 (base 16) in base 5?
-10414302
What is -4740272 (base 